t is the remainder when 262 is divided by 48?
22
Calculate the remainder when 187 is divided by 58.
13
What is the remainder when 219 is divided by 59?
42
Calculate the remainder when 683 is divided by 15.
8
Calculate the remainder when 5 is divided by 1.
0
What is the remainder when 35 is divided by 4?
3
Calculate the remainder when 164 is divided by 13.
8
What is the remainder when 377 is divided by 42?
41
Calculate the remainder when 153 is divided by 56.
41
Calculate the remainder when 52 is divided by 36.
16
Calculate the remainder when 140 is divided by 16.
12
Calculate the remainder when 1203 is divided by 102.
81
Calculate the remainder when 2229 is divided by 205.
179
What is the remainder when 186 is divided by 47?
45
Calculate the remainder when 2621 is divided by 75.
71
What is the remainder when 463 is divided by 118?
109
Calculate the remainder when 39339 is divided by 140.
139
What is the remainder when 206 is divided by 12?
2
What is the remainder when 1901 is divided by 908?
85
Calculate the remainder when 27 is divided by 13.
1
Calculate the remainder when 111 is divided by 32.
15
What is the remainder when 58 is divided by 29?
0
What is the remainder when 212 is divided by 25?
12
What is the remainder when 1102 is divided by 9?
4
What is the remainder when 2495 is divided by 13?
12
Calculate the remainder when 4048 is divided by 75.
73
What is the remainder when 51 is divided by 11?
7
What is the remainder when 488 is divided by 36?
20
Calculate the remainder when 323 is divided by 65.
63
What is the remainder when 1989 is divided by 44?
9
What is the remainder when 97 is divided by 19?
2
What is the remainder when 1034 is divided by 151?
128
What is the remainder when 436 is divided by 185?
66
What is the remainder when 1154 is divided by 146?
132
What is the remainder when 3795 is divided by 181?
175
Calculate the remainder when 158 is divided by 24.
14
What is the remainder when 426 is divided by 61?
60
What is the remainder when 724 is divided by 148?
132
What is the remainder when 553 is divided by 526?
27
What is the remainder when 3106 is divided by 11?
4
What is the remainder when 12 is divided by 7?
5
What is the remainder when 256 is divided by 49?
11
What is the remainder when 1636 is divided by 39?
37
Calculate the remainder when 1365 is divided by 263.
50
What is the remainder when 11614 is divided by 70?
64
What is the remainder when 5059 is divided by 81?
37
Calculate the remainder when 22 is divided by 13.
9
What is the remainder when 1172 is divided by 12?
8
What is the remainder when 772 is divided by 253?
13
What is the remainder when 511 is divided by 198?
115
Calculate the remainder when 566 is divided by 70.
6
Calculate the remainder when 92 is divided by 55.
37
Calculate the remainder when 484 is divided by 23.
1
Calculate the remainder when 914 is divided by 27.
23
Calculate the remainder when 420 is divided by 47.
44
What is the remainder when 567 is divided by 5?
2
Calculate the remainder when 107 is divided by 9.
8
Calculate the remainder when 165 is divided by 43.
36
Calculate the remainder when 57 is divided by 30.
27
Calculate the remainder when 214 is divided by 43.
42
Calculate the remainder when 2177 is divided by 33.
32
What is the remainder when 506 is divided by 124?
10
What is the remainder when 148 is divided by 50?
48
Calculate the remainder when 716 is divided by 30.
26
What is the remainder when 194 is divided by 15?
14
What is the remainder when 1097 is divided by 10?
7
Calculate the remainder when 841 is divided by 34.
25
Calculate the remainder when 127 is divided by 19.
13
What is the remainder when 2277 is divided by 43?
41
What is the remainder when 441 is divided by 97?
53
What is the remainder when 12191 is divided by 4061?
8
Calculate the remainder when 19186 is divided by 234.
232
Calculate the remainder when 17 is divided by 11.
6
What is the remainder when 9451 is divided by 68?
67
What is the remainder when 2219 is divided by 20?
19
Calculate the remainder when 1230 is divided by 44.
42
What is the remainder when 619 is divided by 4?
3
What is the remainder when 460 is divided by 24?
4
What is the remainder when 304 is divided by 110?
84
What is the remainder when 79 is divided by 13?
1
What is the remainder when 115 is divided by 99?
16
What is the remainder when 10847 is divided by 155?
152
Calculate the remainder when 179 is divided by 9.
8
What is the remainder when 539 is divided by 30?
29
Calculate the remainder when 41 is divided by 27.
14
What is the remainder when 73 is divided by 50?
23
What is the remainder when 64 is divided by 57?
7
What is the remainder when 2551 is divided by 23?
21
Calculate the remainder when 318 is divided by 20.
18
What is the remainder when 852 is divided by 41?
32
What is the remainder when 1169 is divided by 91?
77
Calculate the remainder when 375 is divided by 16.
7
Calculate the remainder when 1385 is divided by 243.
170
What is the remainder when 8 is divided by 8?
0
What is the remainder when 22555 is divided by 103?
101
What is the remainder when 179 is divided by 7?
4
Calculate the remainder when 47 is divided by 16.
15
What is the remainder when 1996 is divided by 6?
4
What is the remainder when 1373 is divided by 153?
149
What is the remainder when 654 is divided by 82?
80
What is the remainder when 204 is divided by 57?
33
What is the remainder when 403 is divided by 81?
79
What is the remainder when 1811 is divided by 15?
11
Calculate the remainder when 192 is divided by 53.
33
Calculate the remainder when 555 is divided by 80.
75
Calculate the remainder when 347 is divided by 122.
103
Calculate the remainder when 107 is divided by 50.
7
Calculate the remainder when 317 is divided by 32.
29
Calculate the remainder when 448 is divided by 51.
40
What is the remainder when 1856 is divided by 20?
16
Calculate the remainder when 81 is divided by 45.
36
What is the remainder when 292 is divided by 196?
96
Calculate the remainder when 363 is divided by 23.
18
What is the remainder when 463 is divided by 13?
8
Calculate the remainder when 44 is divided by 10.
4
What is the remainder when 46 is divided by 13?
7
Calculate the remainder when 865 is divided by 229.
178
What is the remainder when 7443 is divided by 108?
99
Calculate the remainder when 140 is divided by 11.
8
What is the remainder when 203 is divided by 12?
11
Calculate the remainder when 769 is divided by 44.
21
Calculate the remainder when 1289 is divided by 161.
1
What is the remainder when 190 is divided by 81?
28
What is the remainder when 35 is divided by 3?
2
What is the remainder when 115 is divided by 20?
15
What is the remainder when 4012 is divided by 11?
8
What is the remainder when 134 is divided by 64?
6
What is the remainder when 55 is divided by 12?
7
Calculate the remainder when 36 is divided by 9.
0
What is the remainder when 304 is divided by 40?
24
Calculate the remainder when 340 is divided by 43.
39
What is the remainder when 1922 is divided by 274?
4
Calculate the remainder when 292 is divided by 13.
6
Calculate the remainder when 158 is divided by 102.
56
Calculate the remainder when 7312 is divided by 2416.
64
What is the remainder when 461 is divided by 118?
107
What is the remainder when 129 is divided by 11?
8
What is the remainder when 3692 is divided by 50?
42
What is the remainder when 2591 is divided by 18?
17
What is the remainder when 387 is divided by 132?
123
Calculate the remainder when 7149 is divided by 110.
109
Calculate the remainder when 8284 is divided by 148.
144
What is the remainder when 2729 is divided by 24?
17
Calculate the remainder when 158 is divided by 23.
20
What is the remainder when 222 is divided by 13?
1
What is the remainder when 2330 is divided by 44?
42
What is the remainder when 1291 is divided by 10?
1
Calculate the remainder when 459 is divided by 66.
63
What is the remainder when 416 is divided by 137?
5
Calculate the remainder when 33 is divided by 6.
3
Calculate the remainder when 168 is divided by 85.
83
Calculate the remainder when 120 is divided by 23.
5
Calculate the remainder when 1619 is divided by 54.
53
Calculate the remainder when 1513 is divided by 133.
50
What is the remainder when 25968 i